ppose -76 = -5*f - 21. Suppose 426 = f*o - 1730. Suppose -3*l - 1685 = -3*r + o, 4*l = -5*r + 3099. Is r a prime number?
False
Is (6 + -13 + -31870)*(9 + -5 + -5) a prime number?
False
Let x be ((-58)/6)/((-9)/(-162)). Let z be (((-3)/6)/1)/(1/(-634)). Let q = z + x. Is q a composite number?
True
Let b = 28 - 11. Suppose -4*j = 12, -2*j = 5*z - j - b. Is (14 - -1248)*2/z prime?
True
Let o(j) = j**3 - 13*j**2 + 11*j + 17. Let w be o(12). Is (-1262)/w*25/(-10) a prime number?
True
Suppose -2202336 - 5618059 = -55*s. Is s a prime number?
True
Let t = 96 - 94. Let g(y) = 800*y**2 - 21*y + 5. Is g(t) prime?
True
Let z be (-12)/9*(-12)/8. Suppose 0 = -2*c, -2*b - z*b + 2*c = 1616. Let s = 1611 + b. Is s a composite number?
True
Suppose j + 3*w = 5*j - 99, -5*j - 5*w = -80. Suppose 0 = -y - 3*f + j, 5*f = -2*y + 3*y + 11. Is -4*(24804/(-16))/y a prime number?
False
Let a be (-40)/(-12)*6/(-4)*-1. Suppose 0 = a*g + 4*p - 3, -p + 4 = 4*g - 5. Suppose n + 3*n = 5*k + 1616, 1207 = g*n - 5*k. Is n a composite number?
False
Let z(g) = -g**3 + 2*g**2 - 2*g - 3. Let f be z(-1). Suppose -f*t - 1418 = -4*p, 2*p + 7*t - 10*t - 715 = 0. Is p a composite number?
False
Let r(b) be the first derivative of 218*b**2 + 39*b - 127. Is r(14) composite?
False
Let f(u) = 356*u**2 + 3*u - 7. Suppose 39*q - 112 = 11*q. Is f(q) a prime number?
True
Let p(a) = -115*a - 19. Let d = 45 + -60. Let q be -2*(15/(-20) - d/4). Is p(q) a prime number?
False
Suppose -36526 = -4*k + 20758. Is k prime?
True
Suppose 268109 = 4*k + v, 5*k + 10244 = -4*v + 345383. Is k a composite number?
True
Suppose -1896 = 221*v - 217*v. Let f = 1115 - v. Is f prime?
False
Suppose -20*w - 21*w + 19*w + 831182 = 0. Is w prime?
True
Suppose 10*n = 4*b + 9*n - 156579, -n - 117434 = -3*b. Is b a composite number?
True
Suppose 0 = -2*i - 78*w + 80*w + 278018, w = -6. Is i composite?
True
Let c(p) = -p**2 + 23*p + 3. Let o be c(23). Let f(j) = 32*j**3 - 6*j**2 - j - 4. Is f(o) a prime number?
False
Suppose -39*o + 2*q = -31*o - 306398, -76595 = -2*o - q. Is o composite?
False
Let i(f) = 3*f**2 + 5*f - 13. Let t be i(2). Is (7 - 6)*3*28929/t a prime number?
True
Suppose 0 = -385*g + 395*g - 374090. Is g a composite number?
False
Let z = 5224526 + -2006057. Is z a composite number?
True
Suppose 2808937 = 21*p - 1032382 - 1559524. Is p prime?
False
Suppose -17*x - 364 = 9*x. Is 10823 - (34/14 - (-6)/x) prime?
False
Let p be ((-5)/4 - 36/(-16)) + 3. Suppose 2*b + 5*t = -31, -4*b + 2*t + 0*t = 2. Is (-5 - -6509)/p + b a prime number?
False
Suppose -24736 - 60871 + 23812 = -17*s. Is s a composite number?
True
Let g(w) = 2*w**3 + 16*w**2 - 3*w - 23. Let i be g(-8). Is ((-3877322)/365)/(i + (-7)/5) a composite number?
False
Suppose -8*c = -5*c - g + 78, -c - 4*g = 39. Is -26 - c - (2 + -4718) a prime number?
False
Let s(o) = 76*o**3 - 21*o**2 + 25*o - 157. Is s(9) composite?
True
Let j(m) = m**3 - 7*m**2 - 2*m + 5. Let v(y) = 7*y + 16. Let c(q) = 57*q + 129. Let x(z) = 4*c(z) - 33*v(z). Let b be x(-7). Is j(b) a prime number?
True
Suppose 0 = -5*i - 3*i + 16. Suppose -i*j - 6 = 0, -10*c = -5*c - j - 1258. Is c a composite number?
False
Let x(v) = 7*v**2 + 42*v + 121. Is x(-46) a prime number?
True
Let v = 36 + -22. Is (-13 + v)/(1/5131) a prime number?
False
Let v be -4*(-3)/6 + 494 + -1. Suppose -v = -4*s + 353. Suppose s = -4*n + 8*n. Is n a prime number?
True
Let q be 4/5*-1159*(-180)/72. Is q/14 + 84/196 composite?
True
Let d = 75 - 72. Suppose 2*s + 7*z - 4869 = 12*z, d*s = 2*z + 7309. Is s a prime number?
True
Is 36008588/462 - 1/(-3) a composite number?
True
Let o be (-20)/30 + (-1950)/(-9). Let v = o + -505. Let t = v + 587. Is t prime?
False
Let p(h) = -292*h - 3. Let a be p(1). Let s = 1146 + a. Is s composite?
True
Let a be (1/1)/(3 + (-2504)/836). Suppose 0*t + a = -3*d + 5*t, 2*t + 55 = -d. Let w = d + 116. Is w a composite number?
False
Suppose 231898 = 9*n - 6089. Is n prime?
False
Let d = 117 + -88. Suppose 8*r + d = 101. Suppose -r*l + 3595 = -4*l. Is l a prime number?
True
Let i = -26 + 47. Let s(b) = -32*b + 40. Let l(a) = 60*a - 89. Let f(u) = -2*l(u) - 5*s(u). Is f(i) a prime number?
False
Let s(g) = 8076*g**2 + 482*g + 1439. Is s(-3) a prime number?
False
Suppose 0 = 3*x - 26 - 73. Suppose -31*q - 2738 = -x*q. Is q a prime number?
False
Let o be 10*19827/(-12)*42/9. Is o/(-85) - 4/34 a prime number?
True
Suppose -3*q + 6*q = -5*l + 36, 5*q + 4*l - 47 = 0. Suppose q*j + 8844 = 4*o + 5*j, 2*o = 2*j + 4418. Is o prime?
True
Let y = -4483 - -7742. Let o = 2478 + y. Is o composite?
False
Let c(b) = 2*b + 1. Let v(m) = -403*m - 2. Let r(w) = -4*c(w) - v(w). Is r(5) a prime number?
True
Let d be (-7)/(7/5) - (7 - -175). Let u(x) = -25*x**2 + 5*x + 4. Let c be u(6). Let y = d - c. Is y composite?
True
Suppose 4*a - z - 29 + 3 = 0, -z - 19 = -3*a. Let o(j) = 8*j + 90. Let n be o(0). Suppose -w = -a*w + n. Is w prime?
False
Suppose q + 6 = 4*q. Let x(i) = 5*i + 8. Let y(l) = -l + 1. Let j(s) = q*y(s) + x(s). Is j(15) a composite number?
True
Let x(r) = 3246*r**2 - 3. Suppose 4*u - 2*v + 4 = -8, 4*u - 5*v + 12 = 0. Let y be x(u). Is 3/(-12) - y/(-28) composite?
True
Let k(v) = -4*v + 2*v**3 + 3*v - v**2 + 2*v + 1171. Is k(0) composite?
False
Let k(m) = -m. Let b(l) = -282*l + 33. Let q(o) = -b(o) + 6*k(o). Let s be q(9). Suppose 2*r - s = -5*i, -741 = -i - 2*r - 246. Is i a prime number?
False
Suppose 0 = -4*o - r + 132592, -3*o = -2*r - 78650 - 20805. Is o composite?
False
Let l be 3/39 - 70084/182. Let z = l + 2456. Is z a prime number?
False
Suppose 0 = 17*p - 13*p + 8. Is ((-4)/(-10))/(p/(-6185)) prime?
True
Suppose 3*p - k - k = 174, -4*k - 288 = -5*p. Is 74508/p - (-20)/(-25) a composite number?
True
Let w(q) = -43*q - 31. Let m = -563 - -549. Is w(m) a prime number?
True
Suppose -1924 = -31*z + 29*z. Suppose 7*f = 9*f - z. Is f prime?
False
Suppose 0 = -2*h + 2, 302212 = 9*i - 4*i - 3*h. Is i a composite number?
False
Suppose -37053 + 27030 = -60*y + 44637. Is y prime?
True
Suppose -5*n - 2 + 27 = 0. Suppose 2*j = -n*j + 28. Suppose 3*u = j*x - 163 - 2416, -3*u = 4*x - 2549. Is x prime?
True
Suppose -213161 = 2*b + 11*b. Let o = b + 24006. Is o composite?
True
Let t = -892553 + 1625902. Is t composite?
True
Suppose -2*y - 12 = 4*j, -5*j - 8*y = -13*y. Is (2 - j/(-2)) + 2743 + -1 prime?
False
Suppose -44*j + 49*j = 2*h - 93945, 0 = -4*h + j + 187827. Is h a composite number?
True
Let a(w) = -w**2 - 5*w - 6. Let i(h) = 3*h**2 + 11*h + 11. Let g(x) = 5*a(x) + 2*i(x). Let o be g(5). Suppose 0*j = o*j - 474. Is j prime?
False
Let q(v) = v**3 - 5*v**2 - v - 8. Suppose -z - 3*k + 8*k = -6, 3*z = -3*k + 18. Let d be q(z). Is -28*3/((-24)/d) a composite number?
True
Let g(q) = 252*q**2 + 7*q - 3*q + 29 + 4*q + q. Is g(6) prime?
False
Let b = 9243 + -6521. Suppose -165*i + b = -163*i. Is i composite?
False
Let v = 151263 + -77680. Is v composite?
False
Let u = -123 + 309. Is 348/(-36)*u/(-2) prime?
False
Let a = 123709 + -41258. Is a a prime number?
False
Let t(r) = r**3 + 6*r**2 - 13*r + 16. Let y be t(-9). Let o = -80 - y. Suppose o*q = 26*q + 764. Is q a composite number?
False
Suppose 0*p + 5*k = -2*p + 19, 5*k - 23 = -4*p. Let l(w) = 3 - 22*w - 2 + 0*w - 8*w**3 - 12*w**p. Is l(-8) a prime number?
False
Let v = 392 + -388. Let n(k) = 1453*k**2 + 30*k + 1. Is n(v) prime?
True
Let j = 644 + -644. Suppose 63*s - 62*s - 22531 = j. Is s composite?
False
Suppose -3*m - 925396 = -7*b, 2*b = 5*m - 37693 + 302096. Is b composite?
False
Suppose 0*a = 6*a - 2016. Let q = 736 - a. Suppose 4*k - q - 124 = 0. Is k a composite number?
False
Suppose -7 = -13*d + 12*d. Suppose 0 = -d*w - 1683 + 23089. Suppose 3*z + z + 2*s = 2438, 5*z - w = s. Is z composite?
True
Let h(d) = d**3 + 12*d**2 - 11*d + 29. Let k be h(-13). Suppose -12*l + k = -9. Is 1/(-2) - (l - 3469/2) composite?
False
Suppose 10 = 5*t + 2*z, 4*t - 7*z + 2*z = 8. Suppose i = -5*h + 3 + 3, 0 = t*h + 2. Is (-1 + 382 + 1)*i/2 prime?
False
Let y(s) = -16*s**3 + 15*s**3 - 7 + s**2 - 4*s**2 - 17*s. Is y(-16) prime?
True
Let t = 82 + -64. Suppose -22*h + t*h = -1924. Is h prime?
False
Suppose 36*v + 399698 = -7434478. Is (v/(-21) - -1)/((-1)/(-3)) a prime number?
True
Suppose -a = 2, -149*m + 144*m + 74789 = -2*a. Is m prime?
True
Let i(h) = 26146*h**2 + 16*h